76.
294
What is the highest common divisor of 26384 and 2720?
272
Calculate the highest common factor of 8535 and 240.
15
Calculate the highest common divisor of 338 and 335634.
338
Calculate the highest common divisor of 999 and 927.
9
What is the greatest common factor of 128 and 613?
1
What is the highest common divisor of 231 and 301?
7
What is the highest common factor of 154300 and 100?
100
What is the highest common factor of 581308 and 1456?
364
Calculate the greatest common divisor of 225 and 1293.
3
Calculate the highest common factor of 81941 and 134.
67
Calculate the greatest common divisor of 106565 and 5.
5
What is the highest common factor of 89606 and 44?
22
What is the highest common factor of 5040 and 9144?
72
What is the highest common divisor of 13864 and 120?
8
Calculate the greatest common factor of 616 and 10472.
616
What is the greatest common factor of 1048634 and 4511?
347
What is the highest common divisor of 74 and 54982?
74
What is the greatest common divisor of 12677 and 14?
7
What is the greatest common factor of 1890 and 6858?
54
What is the greatest common factor of 277374 and 30?
6
Calculate the highest common divisor of 1440 and 24120.
360
What is the greatest common factor of 2057616 and 66?
66
Calculate the greatest common factor of 1666 and 5542.
34
What is the greatest common divisor of 13747 and 373033?
233
What is the greatest common divisor of 55140 and 2172?
12
Calculate the highest common divisor of 3946 and 36.
2
Calculate the highest common divisor of 13 and 1376.
1
Calculate the highest common factor of 712 and 192240.
712
What is the highest common factor of 45623 and 129?
43
What is the greatest common divisor of 41215 and 605?
5
What is the greatest common factor of 1235 and 827905?
65
Calculate the greatest common factor of 187 and 29801.
17
Calculate the greatest common factor of 33628 and 77.
7
What is the greatest common divisor of 9904 and 128?
16
Calculate the highest common divisor of 479 and 264.
1
Calculate the highest common factor of 3708 and 73439.
103
What is the highest common factor of 5652238 and 106?
106
What is the highest common divisor of 844378 and 62?
62
Calculate the highest common factor of 15887333 and 1603.
1603
What is the greatest common divisor of 140 and 548?
4
Calculate the greatest common divisor of 46 and 250838.
46
Calculate the highest common factor of 2730 and 16107.
273
What is the highest common divisor of 1023 and 2904?
33
What is the highest common divisor of 2 and 5837?
1
Calculate the highest common divisor of 912 and 100432.
16
What is the highest common factor of 18179 and 2968?
371
Calculate the highest common divisor of 21281 and 26.
13
Calculate the greatest common divisor of 7815 and 1395.
15
Calculate the greatest common factor of 16980 and 75.
15
Calculate the highest common divisor of 6088 and 12568.
8
Calculate the highest common factor of 655 and 66417.
131
Calculate the highest common factor of 185 and 59903.
37
Calculate the greatest common divisor of 18778 and 3664.
458
What is the highest common divisor of 4465788 and 12?
12
Calculate the greatest common divisor of 532 and 159448.
76
What is the greatest common divisor of 4927 and 1001?
13
Calculate the highest common factor of 90354 and 66.
66
Calculate the greatest common factor of 16 and 4112.
16
What is the highest common factor of 6 and 1349346?
6
What is the highest common divisor of 1692 and 103964?
188
Calculate the greatest common divisor of 5816943 and 99.
99
Calculate the greatest common divisor of 782 and 42891.
17
What is the greatest common divisor of 638 and 496045?
319
Calculate the greatest common divisor of 4020 and 2441748.
804
Calculate the greatest common divisor of 141 and 434562.
141
What is the highest common divisor of 8 and 170616?
8
What is the highest common divisor of 7750 and 35250?
250
What is the greatest common divisor of 5776 and 208?
16
Calculate the highest common factor of 628125 and 10720.
335
Calculate the greatest common divisor of 12 and 333924.
12
Calculate the greatest common factor of 63 and 18153.
9
Calculate the highest common divisor of 79258 and 759.
23
Calculate the highest common divisor of 20 and 54140.
20
Calculate the greatest common divisor of 873 and 13386.
291
What is the highest common divisor of 728 and 275912?
728
Calculate the highest common factor of 174203 and 29.
29
Calculate the greatest common divisor of 3461188 and 3688.
1844
What is the greatest common factor of 657 and 1467?
9
Calculate the highest common factor of 1399740 and 40.
20
Calculate the highest common divisor of 396801 and 9.
9
What is the highest common divisor of 214137 and 1155?
231
Calculate the greatest common divisor of 507 and 1752699.
507
What is the highest common divisor of 498 and 260786?
166
What is the highest common divisor of 55 and 346445?
55
What is the greatest common factor of 594 and 22242?
66
Calculate the highest common factor of 576578 and 145.
29
What is the highest common divisor of 114104 and 68?
68
Calculate the greatest common divisor of 3232832 and 64.
64
What is the greatest common divisor of 35 and 2705?
5
What is the highest common divisor of 105 and 526875?
15
Calculate the highest common divisor of 8 and 16064.
8
Calculate the highest common divisor of 161076 and 31.
31
Calculate the greatest common divisor of 98 and 1927366.
98
What is the highest common divisor of 450 and 2313?
9
Calculate the greatest common factor of 140 and 994440.
20
What is the highest common divisor of 24 and 151976?
8
What is the highest common divisor of 2795 and 949?
13
Calculate the highest common factor of 10 and 9355.
5
What is the greatest common divisor of 5146 and 4061?
31
Calculate the greatest common divisor of 1593 and 8437.
59
Calculate the greatest common factor of 25968 and 96.
48
What is the highest common divisor of 1536 and 10032?
48
What is the highest common factor of 2394 and 3178?
14
Calculate the highest common factor of 2 and 148092.
2
Calculate the highest common divisor of 5122 and 52.
26
What is the greatest common factor of 4 and 13522?
2
What is the greatest common divisor of 160 and 263792?
16
What is the highest common divisor of 528 and 174?
6
What is the greatest common factor of 354203 and 381?
127
What is the greatest common factor of 9 and 164751?
3
Calculate the greatest common divisor of 685638 and 108.
54
Calculate the greatest common divisor of 4 and 101159.
1
Calculate the highest common divisor of 3255 and 279.
93
Calculate the greatest common divisor of 212 and 38531.
53
Calculate the greatest common factor of 5 and 11423.
1
Calculate the highest common factor of 18 and 4257.
9
What is the greatest common divisor of 132 and 8536?
44
Calculate the greatest common divisor of 1212 and 2892.
12
What is the greatest common divisor of 1404 and 3798?
18
Calculate the greatest common divisor of 44 and 2336.
4
Calculate the greatest common divisor of 9373 and 136475.
103
What is the greatest common divisor of 28 and 112?
28
What is the highest common divisor of 65 and 878540?
65
What is the highest common divisor of 7031 and 445?
89
Calculate the highest common factor of 609 and 91553.
203
What is the highest common factor of 8955 and 176712?
597
Calculate the greatest common divisor of 3479 and 18389.
497
Calculate the greatest common factor of 1416 and 552.
24
Calculate the highest common divisor of 164327 and 1212.
101
What is the highest common factor of 326727 and 18?
9
Calculate the highest common factor of 19350 and 181245.
645
What is the greatest common factor of 18 and 123126?
6
What is the highest common divisor of 213 and 327?
3
Calculate the highest common divisor of 56 and 15608.
8
Calculate the highest common divisor of 11640 and 174.
6
What is the highest common divisor of 84 and 1288140?
84
Calculate the greatest common divisor of 30 and 1370.
10
Calculate the greatest common divisor of 6899358 and 1086.
1086
What is the greatest common divisor of 390594 and 12?
6
What is the greatest common divisor of 5571 and 72?
9
What is the greatest common divisor of 36 and 8184?
12
Calculate the greatest common divisor of 11291 and 14.
7
What is the greatest common factor of 11 and 157388?
11
Calculate the hi